{"id":4398,"date":"2013-10-16T22:03:19","date_gmt":"2013-10-17T03:03:19","guid":{"rendered":"http:\/\/beta.ledslac.org\/webinars\/construyendo-una-vision-comun-lecciones-aprendidas-en-la-planificacion-y-los-procesos-de-las-estrategias-de-desarrollo-bajo-en-emisiones-a-nivel-nacional\/"},"modified":"2022-07-13T00:27:36","modified_gmt":"2022-07-13T05:27:36","slug":"construyendo-una-vision-comun-lecciones-aprendidas-en-la-planificacion-y-los-procesos-de-las-estrategias-de-desarrollo-bajo-en-emisiones-a-nivel-nacional","status":"publish","type":"webinars","link":"https:\/\/www.ledslac.org\/pt\/webinars\/construyendo-una-vision-comun-lecciones-aprendidas-en-la-planificacion-y-los-procesos-de-las-estrategias-de-desarrollo-bajo-en-emisiones-a-nivel-nacional\/","title":{"rendered":"Construindo uma vis\u00e3o comum: li\u00e7\u00f5es aprendidas no planejamento e nos processos de estrat\u00e9gias de desenvolvimento de baixa emiss\u00e3o em n\u00edvel nacional"},"content":{"rendered":"<h3><\/h3>\n<p><span style=\"font-size: inherit;\">H\u00e1 um interesse crescente em aprender sobre o planejamento e os processos de desenvolvimento com baixas emiss\u00f5es como elementos essenciais para um projeto robusto, uma forte apropria\u00e7\u00e3o e uma implementa\u00e7\u00e3o sustentada das Estrat\u00e9gias de Desenvolvimento com Baixas Emiss\u00f5es (LEDS). O envolvimento de v\u00e1rias partes interessadas em um processo participativo de LEDS e o apoio e a lideran\u00e7a do governo s\u00e3o dois fatores fundamentais que facilitam a cria\u00e7\u00e3o de capacidade duradoura e viabilidade pol\u00edtica para o desenvolvimento com baixas emiss\u00f5es.<\/span><\/p>\n<div id=\"conteneur\">\n<div id=\"contenu\">\n<div class=\"texte\">\n<div class=\"texte\">\n<div class=\"texte\">\n<p>O primeiro webinar da s\u00e9rie discute boas pr\u00e1ticas e ferramentas emergentes para o planejamento e os processos de LEDS, incluindo planos e cen\u00e1rios de a\u00e7\u00e3o de mitiga\u00e7\u00e3o (MAPS) para o desenvolvimento de baixas emiss\u00f5es. Outros t\u00f3picos incluem a facilita\u00e7\u00e3o do processo de LEDS e a integra\u00e7\u00e3o das partes interessadas, lideran\u00e7a p\u00fablica e gerenciamento de reformas, al\u00e9m de v\u00ednculos entre LEDS em n\u00edvel nacional e subnacional.<\/p>\n<p>O v\u00eddeo do webinar pode ser encontrado em <a class=\"spip_out\" href=\"http:\/\/worldbankva.adobeconnect.com\/p2amq8bf28e\/\" target=\"_blank\" rel=\"external noopener noreferrer\">aqui<\/a>:<\/p>\n<h2 class=\"spip\"><span style=\"color: #99cc00;\">Painelistas<\/span><\/h2>\n<ul class=\"spip\">\n<li>Carlos Salgado \u00e9 mestre em economia e regulamenta\u00e7\u00e3o de servi\u00e7os p\u00fablicos com \u00eanfase em energia pela Universidade de Barcelona (Espanha).<\/li>\n<li>Luisa Elena (Lupe) Guinand tem mestrado em Pol\u00edtica Ambiental e Planejamento de Recursos Naturais pela Cornell University.<\/li>\n<li>Andr\u00e9s Pirazzoli \u00e9 o coordenador nacional de NAMAs e respons\u00e1vel pelas negocia\u00e7\u00f5es internacionais no Escrit\u00f3rio de Mudan\u00e7as Clim\u00e1ticas do Minist\u00e9rio do Meio Ambiente do Chile.<\/li>\n<\/ul>\n<h2><span style=\"color: #99cc00;\">Apresenta\u00e7\u00f5es dos membros do painel<\/span><\/h2>\n<p><a class=\"spip_out\" href=\"http:\/\/prod-http-80-800498448.us-east-1.elb.amazonaws.com\/w\/images\/d\/d1\/WBI_LEDSLAC_webinar_161013_CSalgado.pdf\" target=\"_blank\" rel=\"external noopener noreferrer\">WBI LEDSLAC webinar 161013 CSalgado.pdf Perspectiva regional: Carlos Salgado (PNUD), Especialista Regional em Financiamento Clim\u00e1tico e Investimento - PNUD \/ Centro Regional da LAC.<\/a><\/p>\n<p><a class=\"spip_out\" href=\"http:\/\/prod-http-80-800498448.us-east-1.elb.amazonaws.com\/w\/images\/8\/83\/WBI_LEDSLAC_webinar_161013_LGuinand.pdf\" target=\"_blank\" rel=\"external noopener noreferrer\">Experi\u00eancia em n\u00edvel nacional (Peru): Lupe Guinand, Lib\u00e9lula (Peru), Diretora do Projeto de Planejamento de Mudan\u00e7as Clim\u00e1ticas (PlanCC).<\/a><\/p>\n<p><a class=\"spip_out\" href=\"http:\/\/prod-http-80-800498448.us-east-1.elb.amazonaws.com\/w\/images\/c\/c9\/WBI_LEDSLAC_webinar_161013_APirazzoli.pdf\" target=\"_blank\" rel=\"external noopener noreferrer\">Experi\u00eancia em n\u00edvel nacional (Chile): Andr\u00e9s Pirazzoli, Especialista em Negocia\u00e7\u00e3o Internacional e Mitiga\u00e7\u00e3o, Escrit\u00f3rio de Mudan\u00e7as Clim\u00e1ticas - Minist\u00e9rio do Meio Ambiente do Chile.<\/a><\/p>\n<\/div>\n<\/div>\n<\/div>\n<\/div>\n<\/div>","protected":false},"featured_media":14786,"menu_order":0,"template":"","format":"standard","meta":[],"seccion-relacionada":[],"class_list":["post-4398","webinars","type-webinars","status-publish","format-standard","has-post-thumbnail","hentry"],"_links":{"self":[{"href":"https:\/\/www.ledslac.org\/pt\/wp-json\/wp\/v2\/webinars\/4398","targetHints":{"allow":["GET"]}}],"collection":[{"href":"https:\/\/www.ledslac.org\/pt\/wp-json\/wp\/v2\/webinars"}],"about":[{"href":"https:\/\/www.ledslac.org\/pt\/wp-json\/wp\/v2\/types\/webinars"}],"version-history":[{"count":0,"href":"https:\/\/www.ledslac.org\/pt\/wp-json\/wp\/v2\/webinars\/4398\/revisions"}],"wp:featuredmedia":[{"embeddable":true,"href":"https:\/\/www.ledslac.org\/pt\/wp-json\/wp\/v2\/media\/14786"}],"wp:attachment":[{"href":"https:\/\/www.ledslac.org\/pt\/wp-json\/wp\/v2\/media?parent=4398"}],"wp:term":[{"taxonomy":"seccion-relacionada","embeddable":true,"href":"https:\/\/www.ledslac.org\/pt\/wp-json\/wp\/v2\/seccion-relacionada?post=4398"}],"curies":[{"name":"wp","href":"https:\/\/api.w.org\/{rel}","templated":true}]}}

Construindo uma visão comum: lições aprendidas no planejamento e nos processos de estratégias de desenvolvimento de baixa emissão em nível nacional

<h3></h3>
<p><span style="font-size: inherit;">Há um interesse crescente em aprender sobre o planejamento e os processos de desenvolvimento com baixas emissões como elementos essenciais para um projeto robusto, uma forte apropriação e uma implementação sustentada das Estratégias de Desenvolvimento com Baixas Emissões (LEDS). O envolvimento de várias partes interessadas em um processo participativo de LEDS e o apoio e a liderança do governo são dois fatores fundamentais que facilitam a criação de capacidade duradoura e viabilidade política para o desenvolvimento com baixas emissões.</span></p>
<div id="conteneur">
<div id="contenu">
<div class="texte">
<div class="texte">
<div class="texte">
<p>O primeiro webinar da série discute boas práticas e ferramentas emergentes para o planejamento e os processos de LEDS, incluindo planos e cenários de ação de mitigação (MAPS) para o desenvolvimento de baixas emissões. Outros tópicos incluem a facilitação do processo de LEDS e a integração das partes interessadas, liderança pública e gerenciamento de reformas, além de vínculos entre LEDS em nível nacional e subnacional.</p>
<p>O vídeo do webinar pode ser encontrado em <a class="spip_out" href="http://worldbankva.adobeconnect.com/p2amq8bf28e/" target="_blank" rel="external noopener noreferrer">aqui</a>:</p>
<h2 class="spip"><span style="color: #99cc00;">Painelistas</span></h2>
<ul class="spip">
<li>Carlos Salgado é mestre em economia e regulamentação de serviços públicos com ênfase em energia pela Universidade de Barcelona (Espanha).</li>
<li>Luisa Elena (Lupe) Guinand tem mestrado em Política Ambiental e Planejamento de Recursos Naturais pela Cornell University.</li>
<li>Andrés Pirazzoli é o coordenador nacional de NAMAs e responsável pelas negociações internacionais no Escritório de Mudanças Climáticas do Ministério do Meio Ambiente do Chile.</li>
</ul>
<h2><span style="color: #99cc00;">Apresentações dos membros do painel</span></h2>
<p><a class="spip_out" href="http://prod-http-80-800498448.us-east-1.elb.amazonaws.com/w/images/d/d1/WBI_LEDSLAC_webinar_161013_CSalgado.pdf" target="_blank" rel="external noopener noreferrer">WBI LEDSLAC webinar 161013 CSalgado.pdf Perspectiva regional: Carlos Salgado (PNUD), Especialista Regional em Financiamento Climático e Investimento - PNUD / Centro Regional da LAC.</a></p>
<p><a class="spip_out" href="http://prod-http-80-800498448.us-east-1.elb.amazonaws.com/w/images/8/83/WBI_LEDSLAC_webinar_161013_LGuinand.pdf" target="_blank" rel="external noopener noreferrer">Experiência em nível nacional (Peru): Lupe Guinand, Libélula (Peru), Diretora do Projeto de Planejamento de Mudanças Climáticas (PlanCC).</a></p>
<p><a class="spip_out" href="http://prod-http-80-800498448.us-east-1.elb.amazonaws.com/w/images/c/c9/WBI_LEDSLAC_webinar_161013_APirazzoli.pdf" target="_blank" rel="external noopener noreferrer">Experiência em nível nacional (Chile): Andrés Pirazzoli, Especialista em Negociação Internacional e Mitigação, Escritório de Mudanças Climáticas - Ministério do Meio Ambiente do Chile.</a></p>
</div>
</div>
</div>
</div>
</div>
