{"id":353,"date":"2020-10-09T00:00:00","date_gmt":"2020-10-09T05:00:00","guid":{"rendered":"http:\/\/beta.ledslac.org\/evento-conjunto-2020\/agenda\/adaptacion-promesa-accion\/"},"modified":"2020-10-09T00:00:00","modified_gmt":"2020-10-09T05:00:00","slug":"adaptacion-promesa-accion","status":"publish","type":"eventos","link":"https:\/\/www.ledslac.org\/pt\/evento-conjunto-2020\/agenda\/adaptacion-promesa-accion\/","title":{"rendered":"Adapta\u00e7\u00e3o: da promessa \u00e0 a\u00e7\u00e3o"},"content":{"rendered":"<h3>Transmiss\u00e3o em fluxo cont\u00ednuo<\/h3>\n<h3>Sobre o evento<\/h3>\n<p>Esse evento tem como objetivo expor a relev\u00e2ncia e as vantagens da incorpora\u00e7\u00e3o da adapta\u00e7\u00e3o \u00e0s mudan\u00e7as clim\u00e1ticas nas Contribui\u00e7\u00f5es Nacionalmente Determinadas (NDCs) e nos pr\u00f3prios instrumentos de planejamento do desenvolvimento. Um grupo de especialistas apresentar\u00e1 tamb\u00e9m como passar do planejamento ao financiamento e \u00e0 implementa\u00e7\u00e3o de solu\u00e7\u00f5es concretas de adapta\u00e7\u00e3o no local.<\/p>\n<h3>Agenda<\/h3>\n<p><b>Bem-vindo.<\/b> Claudia Ortiz. Assessora T\u00e9cnica Regional, PNUD.<\/p>\n<p><b>Adapta\u00e7\u00e3o: do NDC ao Territ\u00f3rio na Am\u00e9rica Latina e no Caribe.<\/b> Claudia Ortiz e Simone Bauch. PNUD.<\/p>\n<p><b>Painel de discuss\u00e3o: \"Adapta\u00e7\u00e3o em a\u00e7\u00e3o\". <\/b>Moderador: Montserrat Xilotl. Especialista t\u00e9cnica, PNUD.<\/p>\n<p><b>Painel de convidados:<\/b><\/p>\n<ul>\n<li>Jimena Puyana. Gerente Nacional de Desenvolvimento Sustent\u00e1vel, PNUD Col\u00f4mbia.<\/li>\n<li>Leticia Gutierrez. Diretora Geral de Coordena\u00e7\u00e3o de Pol\u00edticas, Minist\u00e9rio do Meio Ambiente da Cidade do M\u00e9xico.<\/li>\n<li>Representante do PNUD na Guatemala (TBC)<\/li>\n<\/ul>\n<h5>Evento do Eixo Tem\u00e1tico NDC por.<\/h5>\n<p><img decoding=\"async\" src=\"https:\/\/ledslac.org\/wp-content\/uploads\/2021\/04\/Logo_ClimatePromise-Blue_v2.png\" sizes=\"(max-width: 200px) 100vw, 200px\" srcset=\"https:\/\/ledslac.org\/wp-content\/uploads\/2021\/04\/Logo_ClimatePromise-Blue_v2.png 66w, https:\/\/ledslac.org\/wp-content\/uploads\/2021\/04\/Logo_ClimatePromise-Blue_v2-150x150.png 150w, https:\/\/ledslac.org\/wp-content\/uploads\/2021\/04\/Logo_ClimatePromise-Blue_v2.png 200w, https:\/\/ledslac.org\/wp-content\/uploads\/2021\/04\/Logo_ClimatePromise-Blue_v2-300x300.png 300w, https:\/\/ledslac.org\/wp-content\/uploads\/2021\/04\/Logo_ClimatePromise-Blue_v2.png 400w, https:\/\/ledslac.org\/wp-content\/uploads\/2021\/04\/Logo_ClimatePromise-Blue_v2.png 600w, https:\/\/ledslac.org\/wp-content\/uploads\/2021\/04\/Logo_ClimatePromise-Blue_v2-768x769.png 768w, https:\/\/ledslac.org\/wp-content\/uploads\/2021\/04\/Logo_ClimatePromise-Blue_v2.png 800w, https:\/\/ledslac.org\/wp-content\/uploads\/2021\/04\/Logo_ClimatePromise-Blue_v2-1024x1024.png 1024w, https:\/\/ledslac.org\/wp-content\/uploads\/2021\/04\/Logo_ClimatePromise-Blue_v2.png 1200w\" alt=\"\" width=\"200\" height=\"200\" \/><\/p>","protected":false},"excerpt":{"rendered":"<p>Streaming Sobre el evento Este evento busca exponer la relevancia y ventajas de incorporar el tema de adaptaci\u00f3n al cambio clim\u00e1tico dentro de las Contribuciones Determinadas a Nivel Nacional (NDCs en ingl\u00e9s) y dentro de los instrumentos de planificaci\u00f3n de desarrollo en s\u00ed. Un grupo de panelistas expertos en el tema presentar\u00e1n tambi\u00e9n c\u00f3mo pasar [&hellip;]<\/p>\n","protected":false},"featured_media":340,"template":"","hitos":[20],"estado-del-evento":[17],"class_list":["post-353","eventos","type-eventos","status-publish","has-post-thumbnail","hentry","hitos-incremento-de-ndcs","estado-del-evento-pasado"],"_links":{"self":[{"href":"https:\/\/www.ledslac.org\/pt\/wp-json\/wp\/v2\/eventos\/353","targetHints":{"allow":["GET"]}}],"collection":[{"href":"https:\/\/www.ledslac.org\/pt\/wp-json\/wp\/v2\/eventos"}],"about":[{"href":"https:\/\/www.ledslac.org\/pt\/wp-json\/wp\/v2\/types\/eventos"}],"version-history":[{"count":0,"href":"https:\/\/www.ledslac.org\/pt\/wp-json\/wp\/v2\/eventos\/353\/revisions"}],"wp:featuredmedia":[{"embeddable":true,"href":"https:\/\/www.ledslac.org\/pt\/wp-json\/wp\/v2\/media\/340"}],"wp:attachment":[{"href":"https:\/\/www.ledslac.org\/pt\/wp-json\/wp\/v2\/media?parent=353"}],"wp:term":[{"taxonomy":"hitos","embeddable":true,"href":"https:\/\/www.ledslac.org\/pt\/wp-json\/wp\/v2\/hitos?post=353"},{"taxonomy":"estado-del-evento","embeddable":true,"href":"https:\/\/www.ledslac.org\/pt\/wp-json\/wp\/v2\/estado-del-evento?post=353"}],"curies":[{"name":"wp","href":"https:\/\/api.w.org\/{rel}","templated":true}]}}

Adaptação: da promessa à ação

<h3>Transmissão em fluxo contínuo</h3>
<h3>Sobre o evento</h3>
<p>Esse evento tem como objetivo expor a relevância e as vantagens da incorporação da adaptação às mudanças climáticas nas Contribuições Nacionalmente Determinadas (NDCs) e nos próprios instrumentos de planejamento do desenvolvimento. Um grupo de especialistas apresentará também como passar do planejamento ao financiamento e à implementação de soluções concretas de adaptação no local.</p>
<h3>Agenda</h3>
<p><b>Bem-vindo.</b> Claudia Ortiz. Assessora Técnica Regional, PNUD.</p>
<p><b>Adaptação: do NDC ao Território na América Latina e no Caribe.</b> Claudia Ortiz e Simone Bauch. PNUD.</p>
<p><b>Painel de discussão: "Adaptação em ação". </b>Moderador: Montserrat Xilotl. Especialista técnica, PNUD.</p>
<p><b>Painel de convidados:</b></p>
<ul>
<li>Jimena Puyana. Gerente Nacional de Desenvolvimento Sustentável, PNUD Colômbia.</li>
<li>Leticia Gutierrez. Diretora Geral de Coordenação de Políticas, Ministério do Meio Ambiente da Cidade do México.</li>
<li>Representante do PNUD na Guatemala (TBC)</li>
</ul>
<h5>Evento do Eixo Temático NDC por.</h5>
<p><img decoding="async" src="https://ledslac.org/wp-content/uploads/2021/04/Logo_ClimatePromise-Blue_v2.png" sizes="(max-width: 200px) 100vw, 200px" srcset="https://ledslac.org/wp-content/uploads/2021/04/Logo_ClimatePromise-Blue_v2.png 66w, https://ledslac.org/wp-content/uploads/2021/04/Logo_ClimatePromise-Blue_v2-150x150.png 150w, https://ledslac.org/wp-content/uploads/2021/04/Logo_ClimatePromise-Blue_v2.png 200w, https://ledslac.org/wp-content/uploads/2021/04/Logo_ClimatePromise-Blue_v2-300x300.png 300w, https://ledslac.org/wp-content/uploads/2021/04/Logo_ClimatePromise-Blue_v2.png 400w, https://ledslac.org/wp-content/uploads/2021/04/Logo_ClimatePromise-Blue_v2.png 600w, https://ledslac.org/wp-content/uploads/2021/04/Logo_ClimatePromise-Blue_v2-768x769.png 768w, https://ledslac.org/wp-content/uploads/2021/04/Logo_ClimatePromise-Blue_v2.png 800w, https://ledslac.org/wp-content/uploads/2021/04/Logo_ClimatePromise-Blue_v2-1024x1024.png 1024w, https://ledslac.org/wp-content/uploads/2021/04/Logo_ClimatePromise-Blue_v2.png 1200w" alt="" width="200" height="200" /></p>

<p>Streaming Sobre el evento Este evento busca exponer la relevancia y ventajas de incorporar el tema de adaptación al cambio climático dentro de las Contribuciones Determinadas a Nivel Nacional (NDCs en inglés) y dentro de los instrumentos de planificación de desarrollo en sí. Un grupo de panelistas expertos en el tema presentarán también cómo pasar [&hellip;]</p>
