{"id":337,"date":"2020-09-22T00:00:00","date_gmt":"2020-09-22T05:00:00","guid":{"rendered":"http:\/\/beta.ledslac.org\/evento-conjunto-2020\/agenda\/principales-retos-para-acelerar-la-accion-y-aumento-de-ambicion-de-las-ndc\/"},"modified":"2020-09-22T00:00:00","modified_gmt":"2020-09-22T05:00:00","slug":"principales-retos-para-acelerar-la-accion-y-aumento-de-ambicion-de-las-ndc","status":"publish","type":"eventos","link":"https:\/\/www.ledslac.org\/pt\/evento-conjunto-2020\/agenda\/principales-retos-para-acelerar-la-accion-y-aumento-de-ambicion-de-las-ndc\/","title":{"rendered":"Principais desafios para acelerar a a\u00e7\u00e3o e aumentar a ambi\u00e7\u00e3o das NDCs de acordo com a meta do Acordo de Paris"},"content":{"rendered":"<h3>Transmiss\u00e3o em fluxo cont\u00ednuo<\/h3>\n<h3>Sobre o evento<\/h3>\n<p>Os governos da regi\u00e3o est\u00e3o tomando medidas urgentes para superar a crise de sa\u00fade e seus impactos associados; muitos tamb\u00e9m est\u00e3o revisando suas Contribui\u00e7\u00f5es Nacionalmente Determinadas (NDCs) no \u00e2mbito do Acordo de Paris. Portanto, h\u00e1 uma oportunidade sem precedentes de acelerar a transi\u00e7\u00e3o para economias verdes e resilientes que possam manter as temperaturas globais abaixo de 1,5\u00b0C, ao mesmo tempo em que avan\u00e7am na meta de sociedades mais equitativas e inclusivas.<\/p>\n<p>A resposta busca entender as oportunidades de articula\u00e7\u00e3o entre diferentes n\u00edveis de governo para garantir maior ambi\u00e7\u00e3o, a\u00e7\u00e3o acelerada e mobiliza\u00e7\u00e3o de recursos humanos e financeiros.<\/p>\n<p>Esta sess\u00e3o virtual busca identificar boas pr\u00e1ticas e necessidades, com \u00eanfase em estrat\u00e9gias para impulsionar a a\u00e7\u00e3o clim\u00e1tica e aumentar a escala no contexto atual.<br \/>\nda pandemia global.<\/p>\n<h3>Agenda<\/h3>\n<p><b>Abertura<\/b>:<\/p>\n<p>Joseluis Samaniego, Comiss\u00e3o Econ\u00f4mica para a Am\u00e9rica Latina e o Caribe - CEPAL<\/p>\n<p><b>Apresenta\u00e7\u00e3o:<\/b><\/p>\n<p>Desafios e desafios para acelera\u00e7\u00e3o e maior ambi\u00e7\u00e3o\".<br \/>\nmudan\u00e7a clim\u00e1tica na regi\u00e3o\". Marcelo Mena, ex-ministro do Meio Ambiente do Chile.<\/p>\n<p><b>Painel de discuss\u00e3o<\/b>:<\/p>\n<ul>\n<li style=\"font-weight: 400;\">Pilar Garrido, Ministra de Planejamento Nacional e Pol\u00edtica Econ\u00f4mica da Costa Rica<br \/>\nRico.<\/li>\n<li style=\"font-weight: 400;\">Rodrigo Rodriguez, Secret\u00e1rio de Mudan\u00e7as Clim\u00e1ticas, Desenvolvimento Sustent\u00e1vel e<br \/>\nInova\u00e7\u00e3o da Argentina.<\/li>\n<li style=\"font-weight: 400;\">Marina Robles, Secret\u00e1ria de Meio Ambiente da Cidade do M\u00e9xico.<\/li>\n<\/ul>\n<p><b>Fechamento<\/b>:<\/p>\n<p>Gianluca Merlo, Programa das Na\u00e7\u00f5es Unidas para o Desenvolvimento - PNUD<\/p>","protected":false},"excerpt":{"rendered":"<p>Streaming Sobre el evento Los gobiernos de la regi\u00f3n est\u00e1n tomando medidas urgentes para superar la crisis sanitaria y sus impactos asociados; muchos tambi\u00e9n est\u00e1n revisando sus Contribuciones Determinadas a nivel Nacional (NDC) bajo el Acuerdo de Par\u00eds. Por lo tanto, existe una oportunidad sin precedentes para acelerar la transici\u00f3n hacia econom\u00edas verdes y resilientes [&hellip;]<\/p>\n","protected":false},"featured_media":0,"template":"","hitos":[21,20],"estado-del-evento":[17],"class_list":["post-337","eventos","type-eventos","status-publish","hentry","hitos-hub-de-eventos","hitos-incremento-de-ndcs","estado-del-evento-pasado"],"_links":{"self":[{"href":"https:\/\/www.ledslac.org\/pt\/wp-json\/wp\/v2\/eventos\/337","targetHints":{"allow":["GET"]}}],"collection":[{"href":"https:\/\/www.ledslac.org\/pt\/wp-json\/wp\/v2\/eventos"}],"about":[{"href":"https:\/\/www.ledslac.org\/pt\/wp-json\/wp\/v2\/types\/eventos"}],"version-history":[{"count":0,"href":"https:\/\/www.ledslac.org\/pt\/wp-json\/wp\/v2\/eventos\/337\/revisions"}],"wp:attachment":[{"href":"https:\/\/www.ledslac.org\/pt\/wp-json\/wp\/v2\/media?parent=337"}],"wp:term":[{"taxonomy":"hitos","embeddable":true,"href":"https:\/\/www.ledslac.org\/pt\/wp-json\/wp\/v2\/hitos?post=337"},{"taxonomy":"estado-del-evento","embeddable":true,"href":"https:\/\/www.ledslac.org\/pt\/wp-json\/wp\/v2\/estado-del-evento?post=337"}],"curies":[{"name":"wp","href":"https:\/\/api.w.org\/{rel}","templated":true}]}}

Principais desafios para acelerar a ação e aumentar a ambição das NDCs de acordo com a meta do Acordo de Paris

<h3>Transmissão em fluxo contínuo</h3>
<h3>Sobre o evento</h3>
<p>Os governos da região estão tomando medidas urgentes para superar a crise de saúde e seus impactos associados; muitos também estão revisando suas Contribuições Nacionalmente Determinadas (NDCs) no âmbito do Acordo de Paris. Portanto, há uma oportunidade sem precedentes de acelerar a transição para economias verdes e resilientes que possam manter as temperaturas globais abaixo de 1,5°C, ao mesmo tempo em que avançam na meta de sociedades mais equitativas e inclusivas.</p>
<p>A resposta busca entender as oportunidades de articulação entre diferentes níveis de governo para garantir maior ambição, ação acelerada e mobilização de recursos humanos e financeiros.</p>
<p>Esta sessão virtual busca identificar boas práticas e necessidades, com ênfase em estratégias para impulsionar a ação climática e aumentar a escala no contexto atual.<br />
da pandemia global.</p>
<h3>Agenda</h3>
<p><b>Abertura</b>:</p>
<p>Joseluis Samaniego, Comissão Econômica para a América Latina e o Caribe - CEPAL</p>
<p><b>Apresentação:</b></p>
<p>Desafios e desafios para aceleração e maior ambição".<br />
mudança climática na região". Marcelo Mena, ex-ministro do Meio Ambiente do Chile.</p>
<p><b>Painel de discussão</b>:</p>
<ul>
<li style="font-weight: 400;">Pilar Garrido, Ministra de Planejamento Nacional e Política Econômica da Costa Rica<br />
Rico.</li>
<li style="font-weight: 400;">Rodrigo Rodriguez, Secretário de Mudanças Climáticas, Desenvolvimento Sustentável e<br />
Inovação da Argentina.</li>
<li style="font-weight: 400;">Marina Robles, Secretária de Meio Ambiente da Cidade do México.</li>
</ul>
<p><b>Fechamento</b>:</p>
<p>Gianluca Merlo, Programa das Nações Unidas para o Desenvolvimento - PNUD</p>

<p>Streaming Sobre el evento Los gobiernos de la región están tomando medidas urgentes para superar la crisis sanitaria y sus impactos asociados; muchos también están revisando sus Contribuciones Determinadas a nivel Nacional (NDC) bajo el Acuerdo de París. Por lo tanto, existe una oportunidad sin precedentes para acelerar la transición hacia economías verdes y resilientes [&hellip;]</p>
