{"id":327,"date":"2020-08-30T00:00:00","date_gmt":"2020-08-30T05:00:00","guid":{"rendered":"http:\/\/beta.ledslac.org\/evento-conjunto-2020\/agenda\/accion-climatica-para-la-recuperacion-verde\/"},"modified":"2020-08-30T00:00:00","modified_gmt":"2020-08-30T05:00:00","slug":"accion-climatica-para-la-recuperacion-verde","status":"publish","type":"eventos","link":"https:\/\/www.ledslac.org\/pt\/evento-conjunto-2020\/agenda\/accion-climatica-para-la-recuperacion-verde\/","title":{"rendered":"A\u00e7\u00e3o clim\u00e1tica para a recupera\u00e7\u00e3o verde"},"content":{"rendered":"<h3>Transmiss\u00e3o em fluxo cont\u00ednuo<\/h3>\n<p><iframe title=\"Segmento 1: A\u00e7\u00e3o clim\u00e1tica para a recupera\u00e7\u00e3o verde\" width=\"800\" height=\"450\" src=\"https:\/\/www.youtube.com\/embed\/wPeI-tlW9jU?list=PL2RnsMilcyGWEwHq9QjuaSvlDGqkpnyal\" frameborder=\"0\" allow=\"accelerometer; autoplay; clipboard-write; encrypted-media; gyroscope; picture-in-picture\" allowfullscreen><\/iframe><\/p>\n<p>O contexto atual da pandemia da COVID-19 est\u00e1 causando um impacto social e econ\u00f4mico gigantesco. Por outro lado, essa situa\u00e7\u00e3o est\u00e1 ampliando nossos horizontes de a\u00e7\u00e3o, empurrando para tr\u00e1s os limites do que pens\u00e1vamos ser poss\u00edvel.<\/p>\n<p>Esta sess\u00e3o explorar\u00e1 as prioridades - as oportunidades e os desafios na regi\u00e3o - para a a\u00e7\u00e3o clim\u00e1tica no contexto atual. Algumas perguntas que guiar\u00e3o esta sess\u00e3o incluem:<\/p>\n<ul>\n<li style=\"font-weight: 400;\">Como manter a quest\u00e3o clim\u00e1tica atualizada e relevante?<\/li>\n<li style=\"font-weight: 400;\">Como integrar\/integrar a a\u00e7\u00e3o clim\u00e1tica nos planos de recupera\u00e7\u00e3o?<\/li>\n<li style=\"font-weight: 400;\">Que oportunidades existem na ALC que s\u00e3o reconhecidas como elementos de recupera\u00e7\u00e3o verde e que contribuem para o cumprimento do Acordo de Paris?<\/li>\n<\/ul>\n<h3>Agenda<\/h3>\n<p>Boas-vindas e abertura do evento conjunto.<\/p>\n<p>Moderador: Hern\u00e1n Blanco, Fundaci\u00f3n Avina<\/p>\n<ul>\n<li style=\"font-weight: 400;\">EUROCLIMA+: Felice Zaccheo, Chefe de Unidade, Diretoria Geral de Coopera\u00e7\u00e3o Internacional e Desenvolvimento da Uni\u00e3o Europeia<\/li>\n<li style=\"font-weight: 400;\">BID: Raul Delgado, Especialista Principal em Mudan\u00e7as Clim\u00e1ticas e Coordenador do NDC INVEST, BID<\/li>\n<li style=\"font-weight: 400;\">PNUD: Cassie Flynn, Conselheira Estrat\u00e9gica sobre Mudan\u00e7a Clim\u00e1tica e Chefe da Promessa Clim\u00e1tica, Escrit\u00f3rio Executivo do Administrador - PNUD<\/li>\n<li style=\"font-weight: 400;\">LEDS LAC: Agustina Besada, Diretora Executiva da Sustentar e representante do Comit\u00ea Diretivo da plataforma LEDS LAC.<\/li>\n<\/ul>\n<p>Conversa\u00e7\u00e3o \"<b>A\u00c7\u00c3O CLIM\u00c1TICA PARA A RECUPERA\u00c7\u00c3O VERDE\".<\/b><\/p>\n<p>Moderador: Pablo Lloret, Diretor Executivo, Fundaci\u00f3n Futuro Latinoamericano (FFLA)<\/p>\n<p>Painelistas:<\/p>\n<ul>\n<li style=\"font-weight: 400;\">Patricia Campos, Diretora Adjunta de Mudan\u00e7as Clim\u00e1ticas, Minist\u00e9rio do Meio Ambiente e Energia da Costa Rica.<\/li>\n<li style=\"font-weight: 400;\">Carolina Urmeneta, Chefe do Escrit\u00f3rio de Mudan\u00e7as Clim\u00e1ticas, Minist\u00e9rio do Meio Ambiente do Chile.<\/li>\n<li style=\"font-weight: 400;\">Rodrigo D\u00edaz Gonz\u00e1lez , subsecret\u00e1rio de Planejamento, Pol\u00edtica e Regulamenta\u00e7\u00e3o da Secretaria de Mobilidade da Cidade do M\u00e9xico.<\/li>\n<\/ul>","protected":false},"excerpt":{"rendered":"<p>Streaming El contexto actual de pandemia por COVID-19 est\u00e1 teniendo impactos gigantesco en lo social y lo econ\u00f3mico. Por otra parte, esta situaci\u00f3n nos est\u00e1 ampliando nuestro horizonte de acci\u00f3n, al correr los l\u00edmites de lo que pens\u00e1bamos que era un accionar posible. Esta sesi\u00f3n indagar\u00e1 en torno a las prioridades &#8211;las oportunidades y desaf\u00edos [&hellip;]<\/p>\n","protected":false},"featured_media":328,"template":"","hitos":[16],"estado-del-evento":[17],"class_list":["post-327","eventos","type-eventos","status-publish","has-post-thumbnail","hentry","hitos-hito-de-lanzamiento","estado-del-evento-pasado"],"_links":{"self":[{"href":"https:\/\/www.ledslac.org\/pt\/wp-json\/wp\/v2\/eventos\/327","targetHints":{"allow":["GET"]}}],"collection":[{"href":"https:\/\/www.ledslac.org\/pt\/wp-json\/wp\/v2\/eventos"}],"about":[{"href":"https:\/\/www.ledslac.org\/pt\/wp-json\/wp\/v2\/types\/eventos"}],"version-history":[{"count":0,"href":"https:\/\/www.ledslac.org\/pt\/wp-json\/wp\/v2\/eventos\/327\/revisions"}],"wp:featuredmedia":[{"embeddable":true,"href":"https:\/\/www.ledslac.org\/pt\/wp-json\/wp\/v2\/media\/328"}],"wp:attachment":[{"href":"https:\/\/www.ledslac.org\/pt\/wp-json\/wp\/v2\/media?parent=327"}],"wp:term":[{"taxonomy":"hitos","embeddable":true,"href":"https:\/\/www.ledslac.org\/pt\/wp-json\/wp\/v2\/hitos?post=327"},{"taxonomy":"estado-del-evento","embeddable":true,"href":"https:\/\/www.ledslac.org\/pt\/wp-json\/wp\/v2\/estado-del-evento?post=327"}],"curies":[{"name":"wp","href":"https:\/\/api.w.org\/{rel}","templated":true}]}}

Ação climática para a recuperação verde

<h3>Transmissão em fluxo contínuo</h3>
<p><iframe title="Segmento 1: Ação climática para a recuperação verde" width="800" height="450" src="https://www.youtube.com/embed/wPeI-tlW9jU?list=PL2RnsMilcyGWEwHq9QjuaSvlDGqkpnyal" frameborder="0" allow="accelerometer; autoplay; clipboard-write; encrypted-media; gyroscope; picture-in-picture" allowfullscreen></iframe></p>
<p>O contexto atual da pandemia da COVID-19 está causando um impacto social e econômico gigantesco. Por outro lado, essa situação está ampliando nossos horizontes de ação, empurrando para trás os limites do que pensávamos ser possível.</p>
<p>Esta sessão explorará as prioridades - as oportunidades e os desafios na região - para a ação climática no contexto atual. Algumas perguntas que guiarão esta sessão incluem:</p>
<ul>
<li style="font-weight: 400;">Como manter a questão climática atualizada e relevante?</li>
<li style="font-weight: 400;">Como integrar/integrar a ação climática nos planos de recuperação?</li>
<li style="font-weight: 400;">Que oportunidades existem na ALC que são reconhecidas como elementos de recuperação verde e que contribuem para o cumprimento do Acordo de Paris?</li>
</ul>
<h3>Agenda</h3>
<p>Boas-vindas e abertura do evento conjunto.</p>
<p>Moderador: Hernán Blanco, Fundación Avina</p>
<ul>
<li style="font-weight: 400;">EUROCLIMA+: Felice Zaccheo, Chefe de Unidade, Diretoria Geral de Cooperação Internacional e Desenvolvimento da União Europeia</li>
<li style="font-weight: 400;">BID: Raul Delgado, Especialista Principal em Mudanças Climáticas e Coordenador do NDC INVEST, BID</li>
<li style="font-weight: 400;">PNUD: Cassie Flynn, Conselheira Estratégica sobre Mudança Climática e Chefe da Promessa Climática, Escritório Executivo do Administrador - PNUD</li>
<li style="font-weight: 400;">LEDS LAC: Agustina Besada, Diretora Executiva da Sustentar e representante do Comitê Diretivo da plataforma LEDS LAC.</li>
</ul>
<p>Conversação "<b>AÇÃO CLIMÁTICA PARA A RECUPERAÇÃO VERDE".</b></p>
<p>Moderador: Pablo Lloret, Diretor Executivo, Fundación Futuro Latinoamericano (FFLA)</p>
<p>Painelistas:</p>
<ul>
<li style="font-weight: 400;">Patricia Campos, Diretora Adjunta de Mudanças Climáticas, Ministério do Meio Ambiente e Energia da Costa Rica.</li>
<li style="font-weight: 400;">Carolina Urmeneta, Chefe do Escritório de Mudanças Climáticas, Ministério do Meio Ambiente do Chile.</li>
<li style="font-weight: 400;">Rodrigo Díaz González , subsecretário de Planejamento, Política e Regulamentação da Secretaria de Mobilidade da Cidade do México.</li>
</ul>

<p>Streaming El contexto actual de pandemia por COVID-19 está teniendo impactos gigantesco en lo social y lo económico. Por otra parte, esta situación nos está ampliando nuestro horizonte de acción, al correr los límites de lo que pensábamos que era un accionar posible. Esta sesión indagará en torno a las prioridades &#8211;las oportunidades y desafíos [&hellip;]</p>
