{"id":318,"date":"2020-08-30T00:00:00","date_gmt":"2020-08-30T05:00:00","guid":{"rendered":"http:\/\/beta.ledslac.org\/evento-conjunto-2020\/agenda\/planeando-el-futuro-conestrategias-cero-emisiones\/"},"modified":"2020-08-30T00:00:00","modified_gmt":"2020-08-30T05:00:00","slug":"planeando-el-futuro-conestrategias-cero-emisiones","status":"publish","type":"eventos","link":"https:\/\/www.ledslac.org\/pt\/evento-conjunto-2020\/agenda\/planeando-el-futuro-conestrategias-cero-emisiones\/","title":{"rendered":"Planejamento para o futuro: estrat\u00e9gias de emiss\u00e3o zero de longo prazo"},"content":{"rendered":"<h3>Transmiss\u00e3o em fluxo cont\u00ednuo<\/h3>\n<p><iframe title=\"Segmento 3: Planejamento para o futuro: estrat\u00e9gias de longo prazo para emiss\u00f5es zero\" width=\"800\" height=\"450\" src=\"https:\/\/www.youtube.com\/embed\/N1la8I5N7n8?list=PL2RnsMilcyGWEwHq9QjuaSvlDGqkpnyal\" frameborder=\"0\" allow=\"accelerometer; autoplay; clipboard-write; encrypted-media; gyroscope; picture-in-picture\" allowfullscreen><\/iframe><\/p>\n<p>Para orientar as transforma\u00e7\u00f5es necess\u00e1rias nos setores da economia, o Acordo de Paris convida os pa\u00edses a formular e comunicar estrat\u00e9gias de desenvolvimento de baixa emiss\u00e3o (LTS) de longo prazo. Essas LTS ajudar\u00e3o os pa\u00edses a definir sua vis\u00e3o de uma economia descarbonizada e a identificar roteiros de pol\u00edticas transversais e setoriais a serem implementados ao longo do tempo para alcan\u00e7ar sua vis\u00e3o de maneira economicamente ben\u00e9fica e socialmente justa. Os governos da regi\u00e3o da ALC est\u00e3o progredindo na formula\u00e7\u00e3o de LTS. Entretanto, dada a natureza nova desse instrumento, h\u00e1 muitas d\u00favidas sobre sua relev\u00e2ncia, seu papel nas pol\u00edticas p\u00fablicas e no planejamento de investimentos, os elementos b\u00e1sicos que o constituem e os processos e ferramentas para sua formula\u00e7\u00e3o. Portanto, \u00e9 necess\u00e1rio abordar o que s\u00e3o LTSs, como elas podem ser desenvolvidas e como podem desempenhar um papel eficaz na a\u00e7\u00e3o clim\u00e1tica, no desenvolvimento sustent\u00e1vel e na recupera\u00e7\u00e3o verde.<\/p>\n<p>Nesta primeira sess\u00e3o do eixo tem\u00e1tico, assistiremos a uma apresenta\u00e7\u00e3o introdut\u00f3ria sobre o contexto regional na elabora\u00e7\u00e3o de estrat\u00e9gias clim\u00e1ticas de longo prazo. Em seguida, passaremos a um trabalho em grupo para refletir sobre como a situa\u00e7\u00e3o imposta pela COVID-19 impacta a LTS (oportunidades e desafios), quais experi\u00eancias, boas pr\u00e1ticas e aprendizados \u00fateis temos e podemos compartilhar, o que identificamos como ausente (necessidades) e o que precisamos abordar no futuro.<\/p>\n<h3>Agenda<\/h3>\n<p>Apresenta\u00e7\u00e3o introdut\u00f3ria \"Long-term Strategies for Decarbonisation\" (Estrat\u00e9gias de longo prazo para descarboniza\u00e7\u00e3o)<\/p>\n<ul>\n<li style=\"font-weight: 400;\">Towards Zero Net Emissions Development\" Marcela Jaramillo, Especialista em Pol\u00edticas de Mudan\u00e7a Clim\u00e1tica, BID<\/li>\n<\/ul>\n<p>Trabalho participativo em grupo.<\/p>\n<p>Plen\u00e1rio: Reflex\u00e3o final sobre os resultados do trabalho em grupo<\/p>","protected":false},"excerpt":{"rendered":"<p>Streaming Para orientar las transformaciones necesarias en los sectores de la econom\u00eda, el Acuerdo de Par\u00eds invita a los pa\u00edses a formular y comunicar estrategias de desarrollo bajas en emisiones a largo plazo (LTS). Tales LTS ayudar\u00e1n a los pa\u00edses a establecer su visi\u00f3n de una econom\u00eda descarbonizada e identificar hojas de ruta de pol\u00edticas [&hellip;]<\/p>\n","protected":false},"featured_media":0,"template":"","hitos":[18,16],"estado-del-evento":[17],"class_list":["post-318","eventos","type-eventos","status-publish","hentry","hitos-estrategias-de-largo-plazo","hitos-hito-de-lanzamiento","estado-del-evento-pasado"],"_links":{"self":[{"href":"https:\/\/www.ledslac.org\/pt\/wp-json\/wp\/v2\/eventos\/318","targetHints":{"allow":["GET"]}}],"collection":[{"href":"https:\/\/www.ledslac.org\/pt\/wp-json\/wp\/v2\/eventos"}],"about":[{"href":"https:\/\/www.ledslac.org\/pt\/wp-json\/wp\/v2\/types\/eventos"}],"version-history":[{"count":0,"href":"https:\/\/www.ledslac.org\/pt\/wp-json\/wp\/v2\/eventos\/318\/revisions"}],"wp:attachment":[{"href":"https:\/\/www.ledslac.org\/pt\/wp-json\/wp\/v2\/media?parent=318"}],"wp:term":[{"taxonomy":"hitos","embeddable":true,"href":"https:\/\/www.ledslac.org\/pt\/wp-json\/wp\/v2\/hitos?post=318"},{"taxonomy":"estado-del-evento","embeddable":true,"href":"https:\/\/www.ledslac.org\/pt\/wp-json\/wp\/v2\/estado-del-evento?post=318"}],"curies":[{"name":"wp","href":"https:\/\/api.w.org\/{rel}","templated":true}]}}

Planejamento para o futuro: estratégias de emissão zero de longo prazo

<h3>Transmissão em fluxo contínuo</h3>
<p><iframe title="Segmento 3: Planejamento para o futuro: estratégias de longo prazo para emissões zero" width="800" height="450" src="https://www.youtube.com/embed/N1la8I5N7n8?list=PL2RnsMilcyGWEwHq9QjuaSvlDGqkpnyal" frameborder="0" allow="accelerometer; autoplay; clipboard-write; encrypted-media; gyroscope; picture-in-picture" allowfullscreen></iframe></p>
<p>Para orientar as transformações necessárias nos setores da economia, o Acordo de Paris convida os países a formular e comunicar estratégias de desenvolvimento de baixa emissão (LTS) de longo prazo. Essas LTS ajudarão os países a definir sua visão de uma economia descarbonizada e a identificar roteiros de políticas transversais e setoriais a serem implementados ao longo do tempo para alcançar sua visão de maneira economicamente benéfica e socialmente justa. Os governos da região da ALC estão progredindo na formulação de LTS. Entretanto, dada a natureza nova desse instrumento, há muitas dúvidas sobre sua relevância, seu papel nas políticas públicas e no planejamento de investimentos, os elementos básicos que o constituem e os processos e ferramentas para sua formulação. Portanto, é necessário abordar o que são LTSs, como elas podem ser desenvolvidas e como podem desempenhar um papel eficaz na ação climática, no desenvolvimento sustentável e na recuperação verde.</p>
<p>Nesta primeira sessão do eixo temático, assistiremos a uma apresentação introdutória sobre o contexto regional na elaboração de estratégias climáticas de longo prazo. Em seguida, passaremos a um trabalho em grupo para refletir sobre como a situação imposta pela COVID-19 impacta a LTS (oportunidades e desafios), quais experiências, boas práticas e aprendizados úteis temos e podemos compartilhar, o que identificamos como ausente (necessidades) e o que precisamos abordar no futuro.</p>
<h3>Agenda</h3>
<p>Apresentação introdutória "Long-term Strategies for Decarbonisation" (Estratégias de longo prazo para descarbonização)</p>
<ul>
<li style="font-weight: 400;">Towards Zero Net Emissions Development" Marcela Jaramillo, Especialista em Políticas de Mudança Climática, BID</li>
</ul>
<p>Trabalho participativo em grupo.</p>
<p>Plenário: Reflexão final sobre os resultados do trabalho em grupo</p>

<p>Streaming Para orientar las transformaciones necesarias en los sectores de la economía, el Acuerdo de París invita a los países a formular y comunicar estrategias de desarrollo bajas en emisiones a largo plazo (LTS). Tales LTS ayudarán a los países a establecer su visión de una economía descarbonizada e identificar hojas de ruta de políticas [&hellip;]</p>
