{"id":385,"date":"2020-11-04T00:00:00","date_gmt":"2020-11-04T05:00:00","guid":{"rendered":"http:\/\/beta.ledslac.org\/evento-conjunto-2020\/agenda\/juventud-en-movimiento-por-el-clima\/"},"modified":"2020-11-04T00:00:00","modified_gmt":"2020-11-04T05:00:00","slug":"juventud-en-movimiento-por-el-clima","status":"publish","type":"eventos","link":"https:\/\/www.ledslac.org\/en\/evento-conjunto-2020\/agenda\/juventud-en-movimiento-por-el-clima\/","title":{"rendered":"Youth on the Move for Climate"},"content":{"rendered":"\t\t<div data-elementor-type=\"wp-post\" data-elementor-id=\"385\" class=\"elementor elementor-385\" data-elementor-post-type=\"eventos\">\n\t\t\t\t\t\t<section class=\"elementor-section elementor-top-section elementor-element elementor-element-be6e23c elementor-section-boxed elementor-section-height-default elementor-section-height-default\" data-id=\"be6e23c\" data-element_type=\"section\" data-e-type=\"section\" data-settings=\"{&quot;jet_parallax_layout_list&quot;:[{&quot;jet_parallax_layout_image&quot;:{&quot;url&quot;:&quot;&quot;,&quot;id&quot;:&quot;&quot;,&quot;size&quot;:&quot;&quot;},&quot;_id&quot;:&quot;b4c8212&quot;,&quot;jet_parallax_layout_image_tablet&quot;:{&quot;url&quot;:&quot;&quot;,&quot;id&quot;:&quot;&quot;,&quot;size&quot;:&quot;&quot;},&quot;jet_parallax_layout_image_mobile&quot;:{&quot;url&quot;:&quot;&quot;,&quot;id&quot;:&quot;&quot;,&quot;size&quot;:&quot;&quot;},&quot;jet_parallax_layout_speed&quot;:{&quot;unit&quot;:&quot;%&quot;,&quot;size&quot;:50,&quot;sizes&quot;:[]},&quot;jet_parallax_layout_type&quot;:&quot;scroll&quot;,&quot;jet_parallax_layout_direction&quot;:&quot;1&quot;,&quot;jet_parallax_layout_fx_direction&quot;:null,&quot;jet_parallax_layout_z_index&quot;:&quot;&quot;,&quot;jet_parallax_layout_bg_x&quot;:50,&quot;jet_parallax_layout_bg_y&quot;:50,&quot;jet_parallax_layout_bg_size&quot;:&quot;auto&quot;,&quot;jet_parallax_layout_animation_prop&quot;:&quot;transform&quot;,&quot;jet_parallax_layout_on&quot;:[&quot;desktop&quot;,&quot;tablet&quot;],&quot;jet_parallax_layout_bg_x_tablet&quot;:&quot;&quot;,&quot;jet_parallax_layout_bg_x_mobile&quot;:&quot;&quot;,&quot;jet_parallax_layout_bg_y_tablet&quot;:&quot;&quot;,&quot;jet_parallax_layout_bg_y_mobile&quot;:&quot;&quot;,&quot;jet_parallax_layout_bg_size_tablet&quot;:&quot;&quot;,&quot;jet_parallax_layout_bg_size_mobile&quot;:&quot;&quot;}]}\">\n\t\t\t\t\t\t<div class=\"elementor-container elementor-column-gap-default\">\n\t\t\t\t\t<div class=\"elementor-column elementor-col-100 elementor-top-column elementor-element elementor-element-1a076c3\" data-id=\"1a076c3\" data-element_type=\"column\" data-e-type=\"column\">\n\t\t\t<div class=\"elementor-widget-wrap elementor-element-populated\">\n\t\t\t\t\t\t<div class=\"elementor-element elementor-element-4e13d7d elementor-widget elementor-widget-heading\" data-id=\"4e13d7d\" data-element_type=\"widget\" data-e-type=\"widget\" data-widget_type=\"heading.default\">\n\t\t\t\t<div class=\"elementor-widget-container\">\n\t\t\t\t\t<h3 class=\"elementor-heading-title elementor-size-default\">Sobre el evento<\/h3>\t\t\t\t<\/div>\n\t\t\t\t<\/div>\n\t\t\t\t<div class=\"elementor-element elementor-element-044174e elementor-widget elementor-widget-facebook-embed\" data-id=\"044174e\" data-element_type=\"widget\" data-e-type=\"widget\" data-widget_type=\"facebook-embed.default\">\n\t\t\t\t<div class=\"elementor-widget-container\">\n\t\t\t\t\t<div style=\"min-height: 1px\" class=\"elementor-facebook-widget fb-video\" data-href=\"https:\/\/web.facebook.com\/LEDSLAC\/videos\/849003219183347\/\" data-show-text=\"false\" data-allowfullscreen=\"true\" data-autoplay=\"true\" data-show-captions=\"false\"><\/div>\t\t\t\t<\/div>\n\t\t\t\t<\/div>\n\t\t\t\t<div class=\"elementor-element elementor-element-4ff5949 elementor-widget elementor-widget-text-editor\" data-id=\"4ff5949\" data-element_type=\"widget\" data-e-type=\"widget\" data-widget_type=\"text-editor.default\">\n\t\t\t\t<div class=\"elementor-widget-container\">\n\t\t\t\t\t\t\t\t\t<p>Aportar a la creaciu00f3n de una coaliciu00f3n juvenil latinoamericana por la acciu00f3n climu00e1tica y validar las democracias que estructuran a nuestras sociedades, por medio de una efectiva y vinculante participaciu00f3n ciudadana en todos los niveles deliberativos y que involucre el acceso a la informaciu00f3n y una educaciu00f3n interactiva capaz de movilizar a los ju00f3venes delante de la emergencia de la crisis socioambiental climu00e1tica, garantizando la #Acciu00f3nporelClima necesaria.<\/p>\t\t\t\t\t\t\t\t<\/div>\n\t\t\t\t<\/div>\n\t\t\t\t<div class=\"elementor-element elementor-element-b2b9e37 elementor-widget elementor-widget-heading\" data-id=\"b2b9e37\" data-element_type=\"widget\" data-e-type=\"widget\" data-widget_type=\"heading.default\">\n\t\t\t\t<div class=\"elementor-widget-container\">\n\t\t\t\t\t<h3 class=\"elementor-heading-title elementor-size-default\">Agenda<\/h3>\t\t\t\t<\/div>\n\t\t\t\t<\/div>\n\t\t\t\t<div class=\"elementor-element elementor-element-048fee6 elementor-widget elementor-widget-text-editor\" data-id=\"048fee6\" data-element_type=\"widget\" data-e-type=\"widget\" data-widget_type=\"text-editor.default\">\n\t\t\t\t<div class=\"elementor-widget-container\">\n\t\t\t\t\t\t\t\t\t<p><strong>Moderaciu00f3n:<\/strong><\/p><ul><li>Paloma Costa, Miembro del Grupo Asesor de Ju00f3venes del Secretario General de las Naciones Unidas.<\/li><li>Axell Sutton.<\/li><\/ul><p><strong>Panelistas:<\/strong><\/p><ul><li>Palmira Cuellar, NDCs en Mu00e9xico.<\/li><li>Eyal Weintraub, Youth COP LAC, Militancia Climu00e1tica Juvenil.<\/li><li>Andru00e9s Cabanzo, Zero Carbono y Transporte.<\/li><li>Cecilia Rayen Caniuman, Derechos Humanos, Originarios y Territoriales.<\/li><li>Karina Penha, Racismo Ambiental y Gu00e9nero.<\/li><li>Valery Salas, Youth COP LAC.<\/li><\/ul>\t\t\t\t\t\t\t\t<\/div>\n\t\t\t\t<\/div>\n\t\t\t\t\t<\/div>\n\t\t<\/div>\n\t\t\t\t\t<\/div>\n\t\t<\/section>\n\t\t\t\t<section class=\"elementor-section elementor-top-section elementor-element elementor-element-4da7baa elementor-section-boxed elementor-section-height-default elementor-section-height-default\" data-id=\"4da7baa\" data-element_type=\"section\" data-e-type=\"section\" data-settings=\"{&quot;jet_parallax_layout_list&quot;:[{&quot;jet_parallax_layout_image&quot;:{&quot;url&quot;:&quot;&quot;,&quot;id&quot;:&quot;&quot;,&quot;size&quot;:&quot;&quot;},&quot;_id&quot;:&quot;bd0b0b1&quot;,&quot;jet_parallax_layout_image_tablet&quot;:{&quot;url&quot;:&quot;&quot;,&quot;id&quot;:&quot;&quot;,&quot;size&quot;:&quot;&quot;},&quot;jet_parallax_layout_image_mobile&quot;:{&quot;url&quot;:&quot;&quot;,&quot;id&quot;:&quot;&quot;,&quot;size&quot;:&quot;&quot;},&quot;jet_parallax_layout_speed&quot;:{&quot;unit&quot;:&quot;%&quot;,&quot;size&quot;:50,&quot;sizes&quot;:[]},&quot;jet_parallax_layout_type&quot;:&quot;scroll&quot;,&quot;jet_parallax_layout_direction&quot;:&quot;1&quot;,&quot;jet_parallax_layout_fx_direction&quot;:null,&quot;jet_parallax_layout_z_index&quot;:&quot;&quot;,&quot;jet_parallax_layout_bg_x&quot;:50,&quot;jet_parallax_layout_bg_y&quot;:50,&quot;jet_parallax_layout_bg_size&quot;:&quot;auto&quot;,&quot;jet_parallax_layout_animation_prop&quot;:&quot;transform&quot;,&quot;jet_parallax_layout_on&quot;:[&quot;desktop&quot;,&quot;tablet&quot;],&quot;jet_parallax_layout_bg_x_tablet&quot;:&quot;&quot;,&quot;jet_parallax_layout_bg_x_mobile&quot;:&quot;&quot;,&quot;jet_parallax_layout_bg_y_tablet&quot;:&quot;&quot;,&quot;jet_parallax_layout_bg_y_mobile&quot;:&quot;&quot;,&quot;jet_parallax_layout_bg_size_tablet&quot;:&quot;&quot;,&quot;jet_parallax_layout_bg_size_mobile&quot;:&quot;&quot;}]}\">\n\t\t\t\t\t\t<div class=\"elementor-container elementor-column-gap-default\">\n\t\t\t\t\t<div class=\"elementor-column elementor-col-100 elementor-top-column elementor-element elementor-element-6b2db0a\" data-id=\"6b2db0a\" data-element_type=\"column\" data-e-type=\"column\">\n\t\t\t<div class=\"elementor-widget-wrap elementor-element-populated\">\n\t\t\t\t\t\t<div class=\"elementor-element elementor-element-7e9ce8b elementor-widget elementor-widget-heading\" data-id=\"7e9ce8b\" data-element_type=\"widget\" data-e-type=\"widget\" data-widget_type=\"heading.default\">\n\t\t\t\t<div class=\"elementor-widget-container\">\n\t\t\t\t\t<h5 class=\"elementor-heading-title elementor-size-default\">Eje temu00e1tico 2 u2013 Evento organizado por:<\/h5>\t\t\t\t<\/div>\n\t\t\t\t<\/div>\n\t\t\t\t<div class=\"elementor-element elementor-element-a6e4676 elementor-widget elementor-widget-image\" data-id=\"a6e4676\" data-element_type=\"widget\" data-e-type=\"widget\" data-widget_type=\"image.default\">\n\t\t\t\t<div class=\"elementor-widget-container\">\n\t\t\t\t\t\t\t\t\t\t\t\t\t\t\t<img decoding=\"async\" src=\"https:\/\/ledslac.org\/wp-content\/uploads\/2020\/10\/Logo_ClimatePromise-Blue_v2.png\" title=\"\" alt=\"\" loading=\"lazy\" \/>\t\t\t\t\t\t\t\t\t\t\t\t\t\t\t<\/div>\n\t\t\t\t<\/div>\n\t\t\t\t\t<\/div>\n\t\t<\/div>\n\t\t\t\t\t<\/div>\n\t\t<\/section>\n\t\t\t\t<\/div>\n\t\t","protected":false},"excerpt":{"rendered":"<p>Sobre el evento Aportar a la creaci\u00f3n de una coalici\u00f3n juvenil latinoamericana por la acci\u00f3n clim\u00e1tica y validar las democracias que estructuran a nuestras sociedades, por medio de una efectiva y vinculante participaci\u00f3n ciudadana en todos los niveles deliberativos y que involucre el acceso a la informaci\u00f3n y una educaci\u00f3n interactiva capaz de movilizar a [&hellip;]<\/p>\n","protected":false},"featured_media":376,"template":"","hitos":[22,21,20],"estado-del-evento":[17],"class_list":["post-385","eventos","type-eventos","status-publish","has-post-thumbnail","hentry","hitos-eventos-complementarios","hitos-hub-de-eventos","hitos-incremento-de-ndcs","estado-del-evento-pasado"],"_links":{"self":[{"href":"https:\/\/www.ledslac.org\/en\/wp-json\/wp\/v2\/eventos\/385","targetHints":{"allow":["GET"]}}],"collection":[{"href":"https:\/\/www.ledslac.org\/en\/wp-json\/wp\/v2\/eventos"}],"about":[{"href":"https:\/\/www.ledslac.org\/en\/wp-json\/wp\/v2\/types\/eventos"}],"version-history":[{"count":0,"href":"https:\/\/www.ledslac.org\/en\/wp-json\/wp\/v2\/eventos\/385\/revisions"}],"wp:featuredmedia":[{"embeddable":true,"href":"https:\/\/www.ledslac.org\/en\/wp-json\/wp\/v2\/media\/376"}],"wp:attachment":[{"href":"https:\/\/www.ledslac.org\/en\/wp-json\/wp\/v2\/media?parent=385"}],"wp:term":[{"taxonomy":"hitos","embeddable":true,"href":"https:\/\/www.ledslac.org\/en\/wp-json\/wp\/v2\/hitos?post=385"},{"taxonomy":"estado-del-evento","embeddable":true,"href":"https:\/\/www.ledslac.org\/en\/wp-json\/wp\/v2\/estado-del-evento?post=385"}],"curies":[{"name":"wp","href":"https:\/\/api.w.org\/{rel}","templated":true}]}}

<p>Sobre el evento Aportar a la creación de una coalición juvenil latinoamericana por la acción climática y validar las democracias que estructuran a nuestras sociedades, por medio de una efectiva y vinculante participación ciudadana en todos los niveles deliberativos y que involucre el acceso a la información y una educación interactiva capaz de movilizar a [&hellip;]</p>
