{"id":353,"date":"2020-10-09T00:00:00","date_gmt":"2020-10-09T05:00:00","guid":{"rendered":"http:\/\/beta.ledslac.org\/evento-conjunto-2020\/agenda\/adaptacion-promesa-accion\/"},"modified":"2020-10-09T00:00:00","modified_gmt":"2020-10-09T05:00:00","slug":"adaptacion-promesa-accion","status":"publish","type":"eventos","link":"https:\/\/www.ledslac.org\/en\/evento-conjunto-2020\/agenda\/adaptacion-promesa-accion\/","title":{"rendered":"Adaptation: from Promise to Action"},"content":{"rendered":"<h3>Streaming<\/h3>\n<h3>About the event<\/h3>\n<p>This event seeks to expose the relevance and advantages of incorporating climate change adaptation into Nationally Determined Contributions (NDCs) and into development planning instruments themselves. A group of expert panelists will also present how to move from planning to financing and implementation of concrete adaptation solutions on the ground.<\/p>\n<h3>Agenda<\/h3>\n<p><b>Welcome.<\/b> Claudia Ortiz. Regional Technical Advisor, UNDP.<\/p>\n<p><b>Adaptation: from the NDC to the Territory in Latin America and the Caribbean.<\/b> Claudia Ortiz and Simone Bauch. UNDP.<\/p>\n<p><b>Panel discussion: \"Adaptation in operation\". <\/b>Moderator: Montserrat Xilotl. Technical Specialist, UNDP.<\/p>\n<p><b>Panel of guests:<\/b><\/p>\n<ul>\n<li>Jimena Puyana. National Manager of Sustainable Development, UNDP Colombia.<\/li>\n<li>Leticia Gutierrez. General Director of Policy Coordination, Ministry of Environment of Mexico City.<\/li>\n<li>UNDP Guatemala Representative (To be confirmed)<\/li>\n<\/ul>\n<h5>Event of the thematic axis NDC in charge of.<\/h5>\n<p><img decoding=\"async\" src=\"https:\/\/ledslac.org\/wp-content\/uploads\/2021\/04\/Logo_ClimatePromise-Blue_v2.png\" sizes=\"(max-width: 200px) 100vw, 200px\" srcset=\"https:\/\/ledslac.org\/wp-content\/uploads\/2021\/04\/Logo_ClimatePromise-Blue_v2.png 66w, https:\/\/ledslac.org\/wp-content\/uploads\/2021\/04\/Logo_ClimatePromise-Blue_v2-150x150.png 150w, https:\/\/ledslac.org\/wp-content\/uploads\/2021\/04\/Logo_ClimatePromise-Blue_v2.png 200w, https:\/\/ledslac.org\/wp-content\/uploads\/2021\/04\/Logo_ClimatePromise-Blue_v2-300x300.png 300w, https:\/\/ledslac.org\/wp-content\/uploads\/2021\/04\/Logo_ClimatePromise-Blue_v2.png 400w, https:\/\/ledslac.org\/wp-content\/uploads\/2021\/04\/Logo_ClimatePromise-Blue_v2.png 600w, https:\/\/ledslac.org\/wp-content\/uploads\/2021\/04\/Logo_ClimatePromise-Blue_v2-768x769.png 768w, https:\/\/ledslac.org\/wp-content\/uploads\/2021\/04\/Logo_ClimatePromise-Blue_v2.png 800w, https:\/\/ledslac.org\/wp-content\/uploads\/2021\/04\/Logo_ClimatePromise-Blue_v2-1024x1024.png 1024w, https:\/\/ledslac.org\/wp-content\/uploads\/2021\/04\/Logo_ClimatePromise-Blue_v2.png 1200w\" alt=\"\" width=\"200\" height=\"200\" \/><\/p>","protected":false},"excerpt":{"rendered":"<p>Streaming Sobre el evento Este evento busca exponer la relevancia y ventajas de incorporar el tema de adaptaci\u00f3n al cambio clim\u00e1tico dentro de las Contribuciones Determinadas a Nivel Nacional (NDCs en ingl\u00e9s) y dentro de los instrumentos de planificaci\u00f3n de desarrollo en s\u00ed. Un grupo de panelistas expertos en el tema presentar\u00e1n tambi\u00e9n c\u00f3mo pasar [&hellip;]<\/p>\n","protected":false},"featured_media":340,"template":"","hitos":[20],"estado-del-evento":[17],"class_list":["post-353","eventos","type-eventos","status-publish","has-post-thumbnail","hentry","hitos-incremento-de-ndcs","estado-del-evento-pasado"],"_links":{"self":[{"href":"https:\/\/www.ledslac.org\/en\/wp-json\/wp\/v2\/eventos\/353","targetHints":{"allow":["GET"]}}],"collection":[{"href":"https:\/\/www.ledslac.org\/en\/wp-json\/wp\/v2\/eventos"}],"about":[{"href":"https:\/\/www.ledslac.org\/en\/wp-json\/wp\/v2\/types\/eventos"}],"version-history":[{"count":0,"href":"https:\/\/www.ledslac.org\/en\/wp-json\/wp\/v2\/eventos\/353\/revisions"}],"wp:featuredmedia":[{"embeddable":true,"href":"https:\/\/www.ledslac.org\/en\/wp-json\/wp\/v2\/media\/340"}],"wp:attachment":[{"href":"https:\/\/www.ledslac.org\/en\/wp-json\/wp\/v2\/media?parent=353"}],"wp:term":[{"taxonomy":"hitos","embeddable":true,"href":"https:\/\/www.ledslac.org\/en\/wp-json\/wp\/v2\/hitos?post=353"},{"taxonomy":"estado-del-evento","embeddable":true,"href":"https:\/\/www.ledslac.org\/en\/wp-json\/wp\/v2\/estado-del-evento?post=353"}],"curies":[{"name":"wp","href":"https:\/\/api.w.org\/{rel}","templated":true}]}}

<p>Streaming Sobre el evento Este evento busca exponer la relevancia y ventajas de incorporar el tema de adaptación al cambio climático dentro de las Contribuciones Determinadas a Nivel Nacional (NDCs en inglés) y dentro de los instrumentos de planificación de desarrollo en sí. Un grupo de panelistas expertos en el tema presentarán también cómo pasar [&hellip;]</p>
