{"id":318,"date":"2020-08-30T00:00:00","date_gmt":"2020-08-30T05:00:00","guid":{"rendered":"http:\/\/beta.ledslac.org\/evento-conjunto-2020\/agenda\/planeando-el-futuro-conestrategias-cero-emisiones\/"},"modified":"2020-08-30T00:00:00","modified_gmt":"2020-08-30T05:00:00","slug":"planeando-el-futuro-conestrategias-cero-emisiones","status":"publish","type":"eventos","link":"https:\/\/www.ledslac.org\/en\/evento-conjunto-2020\/agenda\/planeando-el-futuro-conestrategias-cero-emisiones\/","title":{"rendered":"Planning for the future long-term zero-emission strategies"},"content":{"rendered":"<h3>Streaming<\/h3>\n<p><iframe title=\"Segment 3: Planning for the Future: Long-term Zero Emission Strategies\" width=\"800\" height=\"450\" src=\"https:\/\/www.youtube.com\/embed\/N1la8I5N7n8?list=PL2RnsMilcyGWEwHq9QjuaSvlDGqkpnyal\" frameborder=\"0\" allow=\"accelerometer; autoplay; clipboard-write; encrypted-media; gyroscope; picture-in-picture\" allowfullscreen><\/iframe><\/p>\n<p>To guide the necessary transformations in sectors of the economy, the Paris Agreement invites countries to formulate and communicate long-term low-emission development strategies (LTS). Such LTS will help countries establish their vision of a decarbonized economy and identify cross-cutting and sectoral policy roadmaps to be implemented over time to achieve their vision in an economically beneficial and socially just manner. Governments in the LAC region are making progress in the formulation of LTS. However, given the new nature of this instrument, there are many doubts about its relevance, its role in public policy and investment planning, the basic elements that constitute it, and the processes and tools for its formulation. It is therefore necessary to address what LTS are, how they can be developed and how they can play an effective role in climate action, sustainable development and green recovery.<\/p>\n<p>In this first session of the thematic axis, we will listen to an introductory presentation on the regional context in the design of long-term climate strategies. We will then move on to group work to reflect on how the situation imposed by COVID-19 affects the LTS (opportunities and challenges), what experiences, good practices and useful lessons learned we have and can share, what we identify that we are lacking (needs), and what we need to do in the future.<\/p>\n<h3>Agenda<\/h3>\n<p>Introductory Presentation \"Long-term Strategies for Decarbonization<\/p>\n<ul>\n<li style=\"font-weight: 400;\">Towards Zero Net Emissions Development\" Marcela Jaramillo, Climate Change Policy Expert, IDB<\/li>\n<\/ul>\n<p>Participatory work in groups.<\/p>\n<p>Plenary: Final reflection on the results of the group works<\/p>","protected":false},"excerpt":{"rendered":"<p>Streaming Para orientar las transformaciones necesarias en los sectores de la econom\u00eda, el Acuerdo de Par\u00eds invita a los pa\u00edses a formular y comunicar estrategias de desarrollo bajas en emisiones a largo plazo (LTS). Tales LTS ayudar\u00e1n a los pa\u00edses a establecer su visi\u00f3n de una econom\u00eda descarbonizada e identificar hojas de ruta de pol\u00edticas [&hellip;]<\/p>\n","protected":false},"featured_media":0,"template":"","hitos":[18,16],"estado-del-evento":[17],"class_list":["post-318","eventos","type-eventos","status-publish","hentry","hitos-estrategias-de-largo-plazo","hitos-hito-de-lanzamiento","estado-del-evento-pasado"],"_links":{"self":[{"href":"https:\/\/www.ledslac.org\/en\/wp-json\/wp\/v2\/eventos\/318","targetHints":{"allow":["GET"]}}],"collection":[{"href":"https:\/\/www.ledslac.org\/en\/wp-json\/wp\/v2\/eventos"}],"about":[{"href":"https:\/\/www.ledslac.org\/en\/wp-json\/wp\/v2\/types\/eventos"}],"version-history":[{"count":0,"href":"https:\/\/www.ledslac.org\/en\/wp-json\/wp\/v2\/eventos\/318\/revisions"}],"wp:attachment":[{"href":"https:\/\/www.ledslac.org\/en\/wp-json\/wp\/v2\/media?parent=318"}],"wp:term":[{"taxonomy":"hitos","embeddable":true,"href":"https:\/\/www.ledslac.org\/en\/wp-json\/wp\/v2\/hitos?post=318"},{"taxonomy":"estado-del-evento","embeddable":true,"href":"https:\/\/www.ledslac.org\/en\/wp-json\/wp\/v2\/estado-del-evento?post=318"}],"curies":[{"name":"wp","href":"https:\/\/api.w.org\/{rel}","templated":true}]}}

<p>Streaming Para orientar las transformaciones necesarias en los sectores de la economía, el Acuerdo de París invita a los países a formular y comunicar estrategias de desarrollo bajas en emisiones a largo plazo (LTS). Tales LTS ayudarán a los países a establecer su visión de una economía descarbonizada e identificar hojas de ruta de políticas [&hellip;]</p>
